p**2 + 14*p + 22. Give j(15).
7
Let o(a) = -3*a + 17. What is o(6)?
-1
Let d(i) = -2*i**2 + 2*i. What is d(0)?
0
Let t(g) = -g**2 + 9*g + 4. Calculate t(10).
-6
Let k(q) = -20*q**3 + q**2 + q + 1. What is k(-1)?
21
Let g(z) = 14*z**2 + 2*z. Give g(-1).
12
Let q(s) = 51*s + 1. What is q(1)?
52
Let a(t) = t**3 + 6*t**2 - 11*t + 26. Determine a(-8).
-14
Let j(d) = d**3 + 7*d**2 + 9*d + 21. Determine j(-6).
3
Let b(o) = 2*o**2 - 31*o - 52. Give b(17).
-1
Let k(f) = 5*f - 88. Determine k(14).
-18
Let n(u) = 2*u**2 - 5*u - 3. What is n(4)?
9
Let j(l) = l**2 - 7*l + 8. What is j(6)?
2
Let j(t) = -t**3 - 17*t**2 - 32*t - 26. Determine j(-15).
4
Let w(z) = 8*z - 1. Determine w(5).
39
Let w(l) = 12*l + 24. Calculate w(-3).
-12
Let w(k) = -k**2 - 6*k - 7. Give w(-5).
-2
Let s(j) = -4*j - 70. Give s(-16).
-6
Let v(m) = -m**3 - 4*m**2 + 6*m. Give v(-5).
-5
Let a(m) = -75*m**3 - m + 2. What is a(1)?
-74
Let q(t) = -2*t**2 + 17*t - 42. Calculate q(3).
-9
Let f(i) = -i**3 + 27*i**2 + 26*i - 12. What is f(28)?
-68
Let y(i) = i**2 - 4*i - 5. Calculate y(5).
0
Let n(h) = h**2 - 3*h + 2. Give n(5).
12
Let f(l) = -l**3 - 11*l**2 - 53*l - 424. Give f(-10).
6
Let i(v) = -v**3 - 2*v**2 - 2*v. Determine i(-1).
1
Let d(x) = -13*x + 100. Calculate d(5).
35
Let i(d) = d**3 - 3*d**2 - 7*d + 6. Calculate i(4).
-6
Let u(s) = -s**3 + 31*s**2 - 30*s + 5. Calculate u(30).
5
Let b(z) = -z**2 - 10*z. Determine b(-11).
-11
Let z(k) = -k**3 - 10*k**2 + 13*k + 5. Determine z(-11).
-17
Let m(b) = 4*b + 56. Calculate m(-9).
20
Let n(j) = -j**3 + 14*j**2 - 16*j + 16. What is n(13)?
-23
Let a(c) = 4*c + 96. Determine a(-20).
16
Let o(u) = -2*u - 18. Determine o(-9).
0
Let c(f) = -3*f + 35. Determine c(8).
11
Let o(h) = -h**3 + 38*h**2 + 119*h + 158. What is o(41)?
-6
Let c(y) = -20*y - 11. Give c(3).
-71
Let h(i) = -2*i**3 - 46*i**2 + 47*i + 25. What is h(-24)?
49
Let b(z) = -z + 11. Determine b(9).
2
Let x(v) = v**2 + 10*v + 9. Calculate x(-7).
-12
Let h(l) = 7*l + 22. Calculate h(-4).
-6
Let y(t) = -2*t + 21. Calculate y(12).
-3
Let y(a) = -2*a**2 - 5*a + 7. What is y(-6)?
-35
Let w(o) = o**2 - 7*o - 16. Calculate w(9).
2
Let o(j) = j**3 - 12*j**2 - 14*j + 14. Calculate o(13).
1
Let p(s) = s**3 + 12*s**2 + 22*s + 3. Give p(-10).
-17
Let p(f) = f**3 + 6*f**2 - 8*f + 6. Determine p(-7).
13
Let d(f) = -f**2 + 17*f + 35. What is d(18)?
17
Let z(g) = -3*g**2 - 38*g + 21. Give z(-14).
-35
Let h(q) = 2*q**2 - 14*q + 9. Give h(7).
9
Let a(b) = b**2 + 14*b + 34. What is a(-9)?
-11
Let s(o) = -o**3 - 51*o**2 - 3*o - 159. Determine s(-51).
-6
Let r(z) = z**3 - 15*z**2 + z + 1. Give r(15).
16
Let k(s) = -s. Determine k(-4).
4
Let v(y) = -2*y**3 - 18*y**2 - 30*y - 3. Give v(-7).
11
Let j(o) = 5*o - 20. Calculate j(4).
0
Let o(m) = -6*m**3 - 3*m**2 + 3*m - 3. Calculate o(1).
-9
Let n(x) = -3*x + 12. Give n(7).
-9
Let b(f) = f**2 - 8*f + 11. What is b(6)?
-1
Let h(k) = 5*k - 2. Determine h(-7).
-37
Let g(z) = -z**3 - 32*z**2 - 59*z + 29. Give g(-30).
-1
Let x(g) = 2*g + 1. Determine x(0).
1
Let y(h) = 5*h**2 + 69*h - 11. Determine y(-14).
3
Let c(x) = -x**3 + 7*x**2 + 8*x - 9. Determine c(8).
-9
Let m(j) = -j**2 + 11*j - 19. Calculate m(3).
5
Let h(l) = -l**3 - 12*l**2 - 8*l - 2. Give h(-11).
-35
Let r(p) = -p**2 + 26*p - 6. What is r(12)?
162
Let p(y) = -y**3 + 12*y**2 + 12*y - 154. Determine p(12).
-10
Let n(t) = -t - 5. Calculate n(7).
-12
Let r(z) = -z**3 + 3*z + 2. Give r(-1).
0
Let z(f) = f**2 + 16*f + 54. Determine z(-11).
-1
Let j(n) = n + 38. Give j(-26).
12
Let d(i) = -2*i**2 - 5*i - 17. What is d(-3)?
-20
Let v(f) = f**2 + 4*f + 5. Determine v(-4).
5
Let s(h) = h**2 - 7*h + 25. Determine s(10).
55
Let f(t) = 2*t**2 - t. Calculate f(-1).
3
Let f(l) = 3*l + 55. Give f(-16).
7
Let g(t) = -21*t**3 + 2*t**2 + 2*t - 4. Give g(1).
-21
Let h(j) = j**3 + 30*j**2 + 28*j - 20. Give h(-29).
9
Let n(o) = 3*o**2 - 2*o - 2. Calculate n(-3).
31
Let b(h) = h - 10. Give b(8).
-2
Let r(t) = -t**3 - 6*t**2 + 7*t + 42. Give r(-6).
0
Let t(x) = x**3 - 19*x**2 + 19*x - 18. Calculate t(18).
0
Let s(t) = -t**2 - 11*t - 4. Determine s(0).
-4
Let g(q) = -3*q**3 + 9*q**2 - 10*q + 4. Calculate g(2).
-4
Let r(c) = c**3 - 6*c**2 - c - 33. Determine r(7).
9
Let p(h) = h**2 - 6*h + 2. Determine p(0).
2
Let p(v) = -v**3 - v**2 - v - 14. Determine p(0).
-14
Let l(r) = 4*r**2 - r - 3. Give l(0).
-3
Let s(a) = 5*a**2 + 49*a + 20. Determine s(-9).
-16
Let b(o) = -o**3 + 9*o**2 - 13*o + 3. What is b(7)?
10
Let m(q) = -9*q + 46. Give m(-7).
109
Let r(z) = -z**2 + 10*z + 62. Calculate r(14).
6
Let v(l) = l**2 + 13*l - 52. Give v(3).
-4
Let p(b) = 7*b - 115. Calculate p(19).
18
Let c(z) = -5*z**2 + 4*z + 103. Give c(5).
-2
Let v(o) = -o**3 + 14*o**2 + 5. Determine v(14).
5
Let v(x) = -x**2 + 2*x + 6. Calculate v(-2).
-2
Let t(g) = -g + 14. Give t(8).
6
Let f(c) = c**3 - 12*c**2 - 15*c + 3. Determine f(13).
-23
Let h(i) = -i**3 + 14*i**2 - 4*i - 115. What is h(13)?
2
Let q(o) = -55*o**3 + o**2 - o + 1. What is q(1)?
-54
Let g(d) = d**3 + 4*d**2 + 5*d + 1. What is g(-3)?
-5
Let g(j) = j**2 + 6*j - 50. Give g(5).
5
Let t(u) = -u**3 + 13*u**2 - 22*u + 10. Calculate t(11).
10
Let f(y) = y**3 + 8*y**2 + 3. Determine f(-8).
3
Let x(m) = -7*m - 2. Give x(-2).
12
Let k(h) = 2*h - 2. Determine k(-2).
-6
Let y(m) = 6*m - 25. Determine y(5).
5
Let z(l) = 31*l + 13. What is z(-4)?
-111
Let y(t) = -2*t + 7. Determine y(0).
7
Let o(t) = t**3 + 16*t**2 + 16*t + 17. What is o(-15)?
2
Let h(c) = 7*c**2 + 31*c - 3. Calculate h(-5).
17
Let a(h) = 2*h - 7. Give a(-9).
-25
Let f(q) = -q**2 - 24*q - 7. What is f(-24)?
-7
Let n(s) = 4*s**2 - 3*s - 11. What is n(4)?
41
Let m(k) = 2*k**3 - 30*k**2 + 30*k - 25. What is m(14)?
3
Let d(c) = -c**3 - 11*c**2 + c + 14. Determine d(-11).
3
Let t(w) = -w**2 - 39*w - 37. Give t(-38).
1
Let b(v) = 2*v**2 - 21*v - 30. Give b(12).
6
Let x(b) = 29*b - 135. Calculate x(4).
-19
Let d(y) = 3*y - 41. Determine d(22).
25
Let p(g) = 11*g - 57. Calculate p(7).
20
Let y(v) = 3*v**2 + 3*v + 6. Give y(0).
6
Let b(w) = 7*w. Determine b(1).
7
Let i(v) = 6*v**3 - 2*v**2 - 3*v + 6. Calculate i(2).
40
Let r(m) = -2*m**2 - 8*m - 10. Determine r(-4).
-10
Let a(b) = 5*b + 4. Give a(7).
39
Let k(b) = -13*b - 10. Determine k(3).
-49
Let o(a) = -10*a + 3. Give o(-6).
63
Let a(d) = -15*d + 16. Give a(1).
1
Let z(q) = -3*q + 12. Determine z(10).
-18
Let k(d) = -5*d - 26. What is k(-8)?
14
Let a(y) = -22*y + 189. Determine a(8).
13
Let s(d) = d**3 + d**2 - d - 4. Give s(0).
-4
Let h(q) = -2*q**2 + 8*q + 13. Calculate h(6).
-11
Let d(t) = t**2 - 10*t - 11. Give d(14).
45
Let p(d) = -26*d - 194. Calculate p(-7).
-12
Let r(l) = -l**2 - 15*l + 120. What is r(6)?
-6
Let u(f) = -2*f - 29. What is u(-11)?
-7
Let n(d) = d**3 - d**2 + 3*d - 7. Determine n(-4).
-99
Let z(l) = 3*l**2 - 10*l + 9. Calculate z(6).
57
Let p(y) = -y**2 + 4*y - 52. What is p(5)?
-57
Let c(p) = -2*p**2 - 35*p - 37. Give c(-17).
-20
Let u(i) = -i**3 + 11*i**2 - 8*i - 11. Calculate u(10).
9
Let y(v) = -v + 2. Determine y(-2).
4
Let x(l) = 39*l + 344. Give x(-9).
-7
Let t(z) = -2*z**3 - 23*z**2 + 12*z + 2. Determine t(-12).
2
Let d(y) = -10*y**2 - 3*y + 1. Give d(1).
-12
Let q(w) = 42*w + 133. What is q(-3)?
7
Let p(o) = -o**2 + 2. Calculate p(0).
2
Let l(g) = -g**2 - 11*g - 5. Determine l(-10).
5
Let m(t) = -t**3 + 2*t**2 + 4*t + 1. Give m(4).
-15
Let r(z) = 3*z**3 - 2*z**2 + 2. What is r(2)?
18
Let k(y) = y**3 - 4*y**2 - 2*y + 2. Give k(-2).
-18
Let a(m) = m**3 + 31*m**2 + 58*m + 3. Give a(-29).
3
Let c(m) = -6*m**2 + 205*m - 37. Calculate c(34).
-3
Let c(z) = -6*z - 38. Calculate c(-9).
16
Let y(u) = -u**3 - 17*u**2 - 17*u - 19. Give y(-16).
-3
Let a(l) = 2*l**2 - 8*l + 1. Calculate a(4).
1
Let r(n) = -n**2 + 7*n + 2. Determine r(9).
-16
Let o(v) = -2*v + 3. Calculate o(-2).
7
Let x(p) = p**3 + 14*p**2 + 14*p + 17. Determine x(-13).
4
Let k(v) = v**3 + 37*v**2 - 39*v - 31. Determine k(-38).
7
Let n(a) = -a**3 - 6*a**2 - a - 1. What is n(-7)?
55
Let j(d) = d**3 - 2*d**2 - 2*d - 10. Give j(3).
-7
Let t(n) = -38*n**3 - 2*n**2 - 1. Give t(1).
-41
Let j(a) = 2*a**2 + 2*a - 1. Give j(-3).
11
Let y(l) = 8*l + 32. Determine y(-4).
0
Let l(a) = a**2 + 5*a + 6. What is l(5)?
56
Let v(o) = 3*o + 4. What is v(-4)?
-8
Let k(v) = v**2 + 14*v + 13. Give k(-14).
13
Let k(y) = y**3 - 4*